{"id":93,"date":"2020-03-22T20:54:10","date_gmt":"2020-03-22T20:54:10","guid":{"rendered":"https:\/\/szemelyi-edzo-miskolc.hu\/?page_id=93"},"modified":"2020-05-17T20:26:49","modified_gmt":"2020-05-17T20:26:49","slug":"szolgaltatasaink","status":"publish","type":"page","link":"https:\/\/szemelyi-edzo-miskolc.hu\/?page_id=93","title":{"rendered":"Szolg\u00e1ltat\u00e1saink"},"content":{"rendered":"<p>[et_pb_section fb_built=&#8221;1&#8243; _builder_version=&#8221;4.4.1&#8243; background_color=&#8221;rgba(0,0,0,0)&#8221;][et_pb_row _builder_version=&#8221;4.4.1&#8243;][et_pb_column type=&#8221;4_4&#8243; _builder_version=&#8221;4.4.1&#8243;][et_pb_text _builder_version=&#8221;4.4.1&#8243;]<\/p>\n<h2>Szolg\u00e1ltat\u00e1saink<\/h2>\n<p>[\/et_pb_text][\/et_pb_column][\/et_pb_row][et_pb_row _builder_version=&#8221;4.4.1&#8243;][et_pb_column type=&#8221;4_4&#8243; _builder_version=&#8221;4.4.1&#8243;][et_pb_text _builder_version=&#8221;4.4.1&#8243; text_font_size=&#8221;16px&#8221;]<\/p>\n<ul>\n<li>\n<p><span size=\"4\" style=\"font-size: large;\">Szem\u00e9lyi edz\u00e9s <\/span><\/p>\n<\/li>\n<li><span style=\"font-size: large;\">P\u00e1rfitness<\/span><\/li>\n<li>\n<p><span style=\"font-size: large;\">Terhestorna<\/span><\/p>\n<\/li>\n<li>\n<p><span style=\"font-size: large;\"><\/span><span style=\"font-size: large;\">Gerinctorna\u00a0<\/span><\/p>\n<\/li>\n<\/ul>\n<p>[\/et_pb_text][\/et_pb_column][\/et_pb_row][et_pb_row _builder_version=&#8221;4.4.1&#8243;][et_pb_column type=&#8221;4_4&#8243; _builder_version=&#8221;4.4.1&#8243;][et_pb_text _builder_version=&#8221;4.4.1&#8243;]<\/p>\n<h2>Ugyanezen edz\u00e9sform\u00e1k ak\u00e1r ONLINE form\u00e1ban is el\u00e9rhet\u0151ek<\/h2>\n<p>[\/et_pb_text][et_pb_text _builder_version=&#8221;4.4.1&#8243; text_font_size=&#8221;16px&#8221;]<\/p>\n<p align=\"JUSTIFY\"><span size=\"4\" style=\"font-size: large;\">Az elm\u00falt id\u0151szakban\u00a0 a vend\u00e9geink legnagyobb megel\u00e9ged\u00e9s\u00e9re siker\u00fclt olyan hat\u00e9kony edz\u00e9sform\u00e1kat kialak\u00edtani, amiket a ma m\u00e1r mindenkin\u00e9l megtal\u00e1lhat\u00f3 elektronikus eszk\u00f6z\u00f6k k\u00f6zvet\u00edt\u00e9s\u00e9vel saj\u00e1t otthonukban is, \u00e1m tapasztalt szem\u00e9lyi edz\u0151 szakmai ir\u00e1ny\u00edt\u00e1s\u00e1val, biztons\u00e1gos kontroll mellett v\u00e9gezhetnek.<\/span><\/p>\n<p>[\/et_pb_text][\/et_pb_column][\/et_pb_row][\/et_pb_section]<\/p>\n","protected":false},"excerpt":{"rendered":"<p>Szolg\u00e1ltat\u00e1saink Szem\u00e9lyi edz\u00e9s P\u00e1rfitness Terhestorna Gerinctorna\u00a0 Ugyanezen edz\u00e9sform\u00e1k ak\u00e1r ONLINE form\u00e1ban is el\u00e9rhet\u0151ekAz elm\u00falt id\u0151szakban\u00a0 a vend\u00e9geink legnagyobb megel\u00e9ged\u00e9s\u00e9re siker\u00fclt olyan hat\u00e9kony edz\u00e9sform\u00e1kat kialak\u00edtani, amiket a ma m\u00e1r mindenkin\u00e9l megtal\u00e1lhat\u00f3 elektronikus eszk\u00f6z\u00f6k k\u00f6zvet\u00edt\u00e9s\u00e9vel saj\u00e1t otthonukban is, \u00e1m tapasztalt szem\u00e9lyi edz\u0151 szakmai ir\u00e1ny\u00edt\u00e1s\u00e1val, biztons\u00e1gos kontroll mellett v\u00e9gezhetnek.<\/p>\n","protected":false},"author":2,"featured_media":0,"parent":0,"menu_order":0,"comment_status":"closed","ping_status":"closed","template":"","meta":{"_et_pb_use_builder":"on","_et_pb_old_content":"","_et_gb_content_width":"","footnotes":""},"class_list":["post-93","page","type-page","status-publish","hentry"],"yoast_head":"<!-- This site is optimized with the Yoast SEO plugin v25.2 - https:\/\/yoast.com\/wordpress\/plugins\/seo\/ -->\n<title>Szolg\u00e1ltat\u00e1saink - Szem\u00e9lyi edz\u00e9s online<\/title>\n<meta name=\"description\" content=\"Szem\u00e9lyi edz\u00e9s, p\u00e1rfitness, illetve terhes torna szolg\u00e1ltat\u00e1sunk online is el\u00e9rhet\u0151 szolg\u00e1ltat\u00e1saink k\u00f6z\u00f6tt. Pr\u00f3b\u00e1ld ki te is!\" \/>\n<meta name=\"robots\" content=\"index, follow, max-snippet:-1, max-image-preview:large, max-video-preview:-1\" \/>\n<link rel=\"canonical\" href=\"https:\/\/szemelyi-edzo-miskolc.hu\/?page_id=93\" \/>\n<meta property=\"og:locale\" content=\"hu_HU\" \/>\n<meta property=\"og:type\" content=\"article\" \/>\n<meta property=\"og:title\" content=\"Szolg\u00e1ltat\u00e1saink - Szem\u00e9lyi edz\u00e9s online\" \/>\n<meta property=\"og:description\" content=\"Szem\u00e9lyi edz\u00e9s, p\u00e1rfitness, illetve terhes torna szolg\u00e1ltat\u00e1sunk online is el\u00e9rhet\u0151 szolg\u00e1ltat\u00e1saink k\u00f6z\u00f6tt. Pr\u00f3b\u00e1ld ki te is!\" \/>\n<meta property=\"og:url\" content=\"https:\/\/szemelyi-edzo-miskolc.hu\/?page_id=93\" \/>\n<meta property=\"og:site_name\" content=\"Szem\u00e9lyi edz\u00e9s online\" \/>\n<meta property=\"article:modified_time\" content=\"2020-05-17T20:26:49+00:00\" \/>\n<meta property=\"og:image\" content=\"https:\/\/szemelyi-edzo-miskolc.hu\/wp-content\/uploads\/2020\/03\/DSC01568-scaled.jpg\" \/>\n\t<meta property=\"og:image:width\" content=\"2560\" \/>\n\t<meta property=\"og:image:height\" content=\"1117\" \/>\n\t<meta property=\"og:image:type\" content=\"image\/jpeg\" \/>\n<meta name=\"twitter:card\" content=\"summary_large_image\" \/>\n<meta name=\"twitter:label1\" content=\"Becs\u00fclt olvas\u00e1si id\u0151\" \/>\n\t<meta name=\"twitter:data1\" content=\"1 perc\" \/>\n<script type=\"application\/ld+json\" class=\"yoast-schema-graph\">{\"@context\":\"https:\/\/schema.org\",\"@graph\":[{\"@type\":\"WebPage\",\"@id\":\"https:\/\/szemelyi-edzo-miskolc.hu\/?page_id=93\",\"url\":\"https:\/\/szemelyi-edzo-miskolc.hu\/?page_id=93\",\"name\":\"Szolg\u00e1ltat\u00e1saink - Szem\u00e9lyi edz\u00e9s online\",\"isPartOf\":{\"@id\":\"https:\/\/szemelyi-edzo-miskolc.hu\/#website\"},\"datePublished\":\"2020-03-22T20:54:10+00:00\",\"dateModified\":\"2020-05-17T20:26:49+00:00\",\"description\":\"Szem\u00e9lyi edz\u00e9s, p\u00e1rfitness, illetve terhes torna szolg\u00e1ltat\u00e1sunk online is el\u00e9rhet\u0151 szolg\u00e1ltat\u00e1saink k\u00f6z\u00f6tt. Pr\u00f3b\u00e1ld ki te is!\",\"breadcrumb\":{\"@id\":\"https:\/\/szemelyi-edzo-miskolc.hu\/?page_id=93#breadcrumb\"},\"inLanguage\":\"hu\",\"potentialAction\":[{\"@type\":\"ReadAction\",\"target\":[\"https:\/\/szemelyi-edzo-miskolc.hu\/?page_id=93\"]}]},{\"@type\":\"BreadcrumbList\",\"@id\":\"https:\/\/szemelyi-edzo-miskolc.hu\/?page_id=93#breadcrumb\",\"itemListElement\":[{\"@type\":\"ListItem\",\"position\":1,\"name\":\"Home\",\"item\":\"https:\/\/szemelyi-edzo-miskolc.hu\/\"},{\"@type\":\"ListItem\",\"position\":2,\"name\":\"Szolg\u00e1ltat\u00e1saink\"}]},{\"@type\":\"WebSite\",\"@id\":\"https:\/\/szemelyi-edzo-miskolc.hu\/#website\",\"url\":\"https:\/\/szemelyi-edzo-miskolc.hu\/\",\"name\":\"Szem\u00e9lyi edz\u00e9s online\",\"description\":\"\",\"potentialAction\":[{\"@type\":\"SearchAction\",\"target\":{\"@type\":\"EntryPoint\",\"urlTemplate\":\"https:\/\/szemelyi-edzo-miskolc.hu\/?s={search_term_string}\"},\"query-input\":{\"@type\":\"PropertyValueSpecification\",\"valueRequired\":true,\"valueName\":\"search_term_string\"}}],\"inLanguage\":\"hu\"}]}<\/script>\n<!-- \/ Yoast SEO plugin. -->","yoast_head_json":{"title":"Szolg\u00e1ltat\u00e1saink - Szem\u00e9lyi edz\u00e9s online","description":"Szem\u00e9lyi edz\u00e9s, p\u00e1rfitness, illetve terhes torna szolg\u00e1ltat\u00e1sunk online is el\u00e9rhet\u0151 szolg\u00e1ltat\u00e1saink k\u00f6z\u00f6tt. Pr\u00f3b\u00e1ld ki te is!","robots":{"index":"index","follow":"follow","max-snippet":"max-snippet:-1","max-image-preview":"max-image-preview:large","max-video-preview":"max-video-preview:-1"},"canonical":"https:\/\/szemelyi-edzo-miskolc.hu\/?page_id=93","og_locale":"hu_HU","og_type":"article","og_title":"Szolg\u00e1ltat\u00e1saink - Szem\u00e9lyi edz\u00e9s online","og_description":"Szem\u00e9lyi edz\u00e9s, p\u00e1rfitness, illetve terhes torna szolg\u00e1ltat\u00e1sunk online is el\u00e9rhet\u0151 szolg\u00e1ltat\u00e1saink k\u00f6z\u00f6tt. Pr\u00f3b\u00e1ld ki te is!","og_url":"https:\/\/szemelyi-edzo-miskolc.hu\/?page_id=93","og_site_name":"Szem\u00e9lyi edz\u00e9s online","article_modified_time":"2020-05-17T20:26:49+00:00","og_image":[{"width":2560,"height":1117,"url":"https:\/\/szemelyi-edzo-miskolc.hu\/wp-content\/uploads\/2020\/03\/DSC01568-scaled.jpg","type":"image\/jpeg"}],"twitter_card":"summary_large_image","twitter_misc":{"Becs\u00fclt olvas\u00e1si id\u0151":"1 perc"},"schema":{"@context":"https:\/\/schema.org","@graph":[{"@type":"WebPage","@id":"https:\/\/szemelyi-edzo-miskolc.hu\/?page_id=93","url":"https:\/\/szemelyi-edzo-miskolc.hu\/?page_id=93","name":"Szolg\u00e1ltat\u00e1saink - Szem\u00e9lyi edz\u00e9s online","isPartOf":{"@id":"https:\/\/szemelyi-edzo-miskolc.hu\/#website"},"datePublished":"2020-03-22T20:54:10+00:00","dateModified":"2020-05-17T20:26:49+00:00","description":"Szem\u00e9lyi edz\u00e9s, p\u00e1rfitness, illetve terhes torna szolg\u00e1ltat\u00e1sunk online is el\u00e9rhet\u0151 szolg\u00e1ltat\u00e1saink k\u00f6z\u00f6tt. Pr\u00f3b\u00e1ld ki te is!","breadcrumb":{"@id":"https:\/\/szemelyi-edzo-miskolc.hu\/?page_id=93#breadcrumb"},"inLanguage":"hu","potentialAction":[{"@type":"ReadAction","target":["https:\/\/szemelyi-edzo-miskolc.hu\/?page_id=93"]}]},{"@type":"BreadcrumbList","@id":"https:\/\/szemelyi-edzo-miskolc.hu\/?page_id=93#breadcrumb","itemListElement":[{"@type":"ListItem","position":1,"name":"Home","item":"https:\/\/szemelyi-edzo-miskolc.hu\/"},{"@type":"ListItem","position":2,"name":"Szolg\u00e1ltat\u00e1saink"}]},{"@type":"WebSite","@id":"https:\/\/szemelyi-edzo-miskolc.hu\/#website","url":"https:\/\/szemelyi-edzo-miskolc.hu\/","name":"Szem\u00e9lyi edz\u00e9s online","description":"","potentialAction":[{"@type":"SearchAction","target":{"@type":"EntryPoint","urlTemplate":"https:\/\/szemelyi-edzo-miskolc.hu\/?s={search_term_string}"},"query-input":{"@type":"PropertyValueSpecification","valueRequired":true,"valueName":"search_term_string"}}],"inLanguage":"hu"}]}},"_links":{"self":[{"href":"https:\/\/szemelyi-edzo-miskolc.hu\/index.php?rest_route=\/wp\/v2\/pages\/93","targetHints":{"allow":["GET"]}}],"collection":[{"href":"https:\/\/szemelyi-edzo-miskolc.hu\/index.php?rest_route=\/wp\/v2\/pages"}],"about":[{"href":"https:\/\/szemelyi-edzo-miskolc.hu\/index.php?rest_route=\/wp\/v2\/types\/page"}],"author":[{"embeddable":true,"href":"https:\/\/szemelyi-edzo-miskolc.hu\/index.php?rest_route=\/wp\/v2\/users\/2"}],"replies":[{"embeddable":true,"href":"https:\/\/szemelyi-edzo-miskolc.hu\/index.php?rest_route=%2Fwp%2Fv2%2Fcomments&post=93"}],"version-history":[{"count":11,"href":"https:\/\/szemelyi-edzo-miskolc.hu\/index.php?rest_route=\/wp\/v2\/pages\/93\/revisions"}],"predecessor-version":[{"id":382,"href":"https:\/\/szemelyi-edzo-miskolc.hu\/index.php?rest_route=\/wp\/v2\/pages\/93\/revisions\/382"}],"wp:attachment":[{"href":"https:\/\/szemelyi-edzo-miskolc.hu\/index.php?rest_route=%2Fwp%2Fv2%2Fmedia&parent=93"}],"curies":[{"name":"wp","href":"https:\/\/api.w.org\/{rel}","templated":true}]}}