{"id":91,"date":"2020-03-22T20:54:10","date_gmt":"2020-03-22T20:54:10","guid":{"rendered":"https:\/\/szemelyi-edzo-miskolc.hu\/?page_id=91"},"modified":"2020-03-25T07:16:33","modified_gmt":"2020-03-25T07:16:33","slug":"vegzettsegeim","status":"publish","type":"page","link":"https:\/\/szemelyi-edzo-miskolc.hu\/?page_id=91","title":{"rendered":"V\u00e9gzetts\u00e9geim"},"content":{"rendered":"\n[et_pb_section fb_built=&#8221;1&#8243; _builder_version=&#8221;4.4.1&#8243; background_color=&#8221;rgba(0,0,0,0)&#8221;][et_pb_row _builder_version=&#8221;4.4.1&#8243;][et_pb_column type=&#8221;4_4&#8243; _builder_version=&#8221;4.4.1&#8243;][et_pb_text _builder_version=&#8221;4.4.1&#8243; custom_padding=&#8221;||0px|||&#8221;]<h2>V\u00e9gzetts\u00e9geim<\/h2>[\/et_pb_text][\/et_pb_column][\/et_pb_row][et_pb_row column_structure=&#8221;1_2,1_2&#8243; _builder_version=&#8221;4.4.1&#8243;][et_pb_column type=&#8221;1_2&#8243; _builder_version=&#8221;4.4.1&#8243;][et_pb_text _builder_version=&#8221;4.4.1&#8243; text_font_size=&#8221;16px&#8221;]<p><span style=\"color: #ea0000;\"><strong>Diplom\u00e1im<\/strong><\/span><\/p>\n<ul>\n<li>Magyar Testnevel\u00e9si Egyetem Szakedz\u0151i szak<\/li>\n<li>Ment\u00e1lhigi\u00e9n\u00e9s eg\u00e9szs\u00e9gfejleszt\u0151<\/li>\n<\/ul>\n<p><span style=\"color: #ea0000;\"><strong>Egy\u00e9b edz\u0151i v\u00e9gzetts\u00e9geim<\/strong><\/span><\/p>\n<p><strong> <\/strong><\/p>\n<p><strong><\/strong><\/p>\n<ul>\n<li>Szem\u00e9lyi edz\u0151<\/li>\n<li>Aerobic edz\u0151<\/li>\n<li>Terhestorna oktat\u00f3<\/li>\n<li>TRX edz\u0151<\/li>\n<li>TRX Rip trainer<\/li>\n<li>Bosu trainer<\/li>\n<li>Fit-ball edz\u0151<\/li>\n<li>Soft-ball oktat\u00f3<\/li>\n<li>Tae-bo oktat\u00f3<\/li>\n<li>SMR henger instruktor<\/li>\n<\/ul>[\/et_pb_text][\/et_pb_column][et_pb_column type=&#8221;1_2&#8243; _builder_version=&#8221;4.4.1&#8243;][et_pb_gallery gallery_ids=&#8221;258,259,260,266&#8243; show_title_and_caption=&#8221;off&#8221; show_pagination=&#8221;off&#8221; _builder_version=&#8221;4.4.1&#8243;][\/et_pb_gallery][\/et_pb_column][\/et_pb_row][\/et_pb_section]\n","protected":false},"excerpt":{"rendered":"<p>V\u00e9gzetts\u00e9geimDiplom\u00e1im Magyar Testnevel\u00e9si Egyetem Szakedz\u0151i szak Ment\u00e1lhigi\u00e9n\u00e9s eg\u00e9szs\u00e9gfejleszt\u0151 Egy\u00e9b edz\u0151i v\u00e9gzetts\u00e9geim Szem\u00e9lyi edz\u0151 Aerobic edz\u0151 Terhestorna oktat\u00f3 TRX edz\u0151 TRX Rip trainer Bosu trainer Fit-ball edz\u0151 Soft-ball oktat\u00f3 Tae-bo oktat\u00f3 SMR henger instruktor<\/p>\n","protected":false},"author":2,"featured_media":0,"parent":0,"menu_order":0,"comment_status":"closed","ping_status":"closed","template":"","meta":{"_et_pb_use_builder":"on","_et_pb_old_content":"","_et_gb_content_width":"","footnotes":""},"class_list":["post-91","page","type-page","status-publish","hentry"],"yoast_head":"<!-- This site is optimized with the Yoast SEO plugin v25.2 - https:\/\/yoast.com\/wordpress\/plugins\/seo\/ -->\n<title>V\u00e9gzetts\u00e9geim - Szem\u00e9lyi edz\u00e9s online<\/title>\n<meta name=\"description\" content=\"T\u00f3th Judit szem\u00e9lyi edz\u0151 az al\u00e1bbi v\u00e9gzetts\u00e9gekkel rendelkezik: Magyar Testnevel\u00e9si Egyetem Szakedz\u0151i szak, Ment\u00e1lhigi\u00e9n\u00e9s eg\u00e9szs\u00e9gfejleszt\u0151.\" \/>\n<meta name=\"robots\" content=\"index, follow, max-snippet:-1, max-image-preview:large, max-video-preview:-1\" \/>\n<link rel=\"canonical\" href=\"https:\/\/szemelyi-edzo-miskolc.hu\/?page_id=91\" \/>\n<meta property=\"og:locale\" content=\"hu_HU\" \/>\n<meta property=\"og:type\" content=\"article\" \/>\n<meta property=\"og:title\" content=\"V\u00e9gzetts\u00e9geim - Szem\u00e9lyi edz\u00e9s online\" \/>\n<meta property=\"og:description\" content=\"T\u00f3th Judit szem\u00e9lyi edz\u0151 az al\u00e1bbi v\u00e9gzetts\u00e9gekkel rendelkezik: Magyar Testnevel\u00e9si Egyetem Szakedz\u0151i szak, Ment\u00e1lhigi\u00e9n\u00e9s eg\u00e9szs\u00e9gfejleszt\u0151.\" \/>\n<meta property=\"og:url\" content=\"https:\/\/szemelyi-edzo-miskolc.hu\/?page_id=91\" \/>\n<meta property=\"og:site_name\" content=\"Szem\u00e9lyi edz\u00e9s online\" \/>\n<meta property=\"article:modified_time\" content=\"2020-03-25T07:16:33+00:00\" \/>\n<meta property=\"og:image\" content=\"https:\/\/szemelyi-edzo-miskolc.hu\/wp-content\/uploads\/2020\/03\/DSC01568-scaled.jpg\" \/>\n\t<meta property=\"og:image:width\" content=\"2560\" \/>\n\t<meta property=\"og:image:height\" content=\"1117\" \/>\n\t<meta property=\"og:image:type\" content=\"image\/jpeg\" \/>\n<meta name=\"twitter:card\" content=\"summary_large_image\" \/>\n<meta name=\"twitter:label1\" content=\"Becs\u00fclt olvas\u00e1si id\u0151\" \/>\n\t<meta name=\"twitter:data1\" content=\"1 perc\" \/>\n<script type=\"application\/ld+json\" class=\"yoast-schema-graph\">{\"@context\":\"https:\/\/schema.org\",\"@graph\":[{\"@type\":\"WebPage\",\"@id\":\"https:\/\/szemelyi-edzo-miskolc.hu\/?page_id=91\",\"url\":\"https:\/\/szemelyi-edzo-miskolc.hu\/?page_id=91\",\"name\":\"V\u00e9gzetts\u00e9geim - Szem\u00e9lyi edz\u00e9s online\",\"isPartOf\":{\"@id\":\"https:\/\/szemelyi-edzo-miskolc.hu\/#website\"},\"datePublished\":\"2020-03-22T20:54:10+00:00\",\"dateModified\":\"2020-03-25T07:16:33+00:00\",\"description\":\"T\u00f3th Judit szem\u00e9lyi edz\u0151 az al\u00e1bbi v\u00e9gzetts\u00e9gekkel rendelkezik: Magyar Testnevel\u00e9si Egyetem Szakedz\u0151i szak, Ment\u00e1lhigi\u00e9n\u00e9s eg\u00e9szs\u00e9gfejleszt\u0151.\",\"breadcrumb\":{\"@id\":\"https:\/\/szemelyi-edzo-miskolc.hu\/?page_id=91#breadcrumb\"},\"inLanguage\":\"hu\",\"potentialAction\":[{\"@type\":\"ReadAction\",\"target\":[\"https:\/\/szemelyi-edzo-miskolc.hu\/?page_id=91\"]}]},{\"@type\":\"BreadcrumbList\",\"@id\":\"https:\/\/szemelyi-edzo-miskolc.hu\/?page_id=91#breadcrumb\",\"itemListElement\":[{\"@type\":\"ListItem\",\"position\":1,\"name\":\"Home\",\"item\":\"https:\/\/szemelyi-edzo-miskolc.hu\/\"},{\"@type\":\"ListItem\",\"position\":2,\"name\":\"V\u00e9gzetts\u00e9geim\"}]},{\"@type\":\"WebSite\",\"@id\":\"https:\/\/szemelyi-edzo-miskolc.hu\/#website\",\"url\":\"https:\/\/szemelyi-edzo-miskolc.hu\/\",\"name\":\"Szem\u00e9lyi edz\u00e9s online\",\"description\":\"\",\"potentialAction\":[{\"@type\":\"SearchAction\",\"target\":{\"@type\":\"EntryPoint\",\"urlTemplate\":\"https:\/\/szemelyi-edzo-miskolc.hu\/?s={search_term_string}\"},\"query-input\":{\"@type\":\"PropertyValueSpecification\",\"valueRequired\":true,\"valueName\":\"search_term_string\"}}],\"inLanguage\":\"hu\"}]}<\/script>\n<!-- \/ Yoast SEO plugin. -->","yoast_head_json":{"title":"V\u00e9gzetts\u00e9geim - Szem\u00e9lyi edz\u00e9s online","description":"T\u00f3th Judit szem\u00e9lyi edz\u0151 az al\u00e1bbi v\u00e9gzetts\u00e9gekkel rendelkezik: Magyar Testnevel\u00e9si Egyetem Szakedz\u0151i szak, Ment\u00e1lhigi\u00e9n\u00e9s eg\u00e9szs\u00e9gfejleszt\u0151.","robots":{"index":"index","follow":"follow","max-snippet":"max-snippet:-1","max-image-preview":"max-image-preview:large","max-video-preview":"max-video-preview:-1"},"canonical":"https:\/\/szemelyi-edzo-miskolc.hu\/?page_id=91","og_locale":"hu_HU","og_type":"article","og_title":"V\u00e9gzetts\u00e9geim - Szem\u00e9lyi edz\u00e9s online","og_description":"T\u00f3th Judit szem\u00e9lyi edz\u0151 az al\u00e1bbi v\u00e9gzetts\u00e9gekkel rendelkezik: Magyar Testnevel\u00e9si Egyetem Szakedz\u0151i szak, Ment\u00e1lhigi\u00e9n\u00e9s eg\u00e9szs\u00e9gfejleszt\u0151.","og_url":"https:\/\/szemelyi-edzo-miskolc.hu\/?page_id=91","og_site_name":"Szem\u00e9lyi edz\u00e9s online","article_modified_time":"2020-03-25T07:16:33+00:00","og_image":[{"width":2560,"height":1117,"url":"https:\/\/szemelyi-edzo-miskolc.hu\/wp-content\/uploads\/2020\/03\/DSC01568-scaled.jpg","type":"image\/jpeg"}],"twitter_card":"summary_large_image","twitter_misc":{"Becs\u00fclt olvas\u00e1si id\u0151":"1 perc"},"schema":{"@context":"https:\/\/schema.org","@graph":[{"@type":"WebPage","@id":"https:\/\/szemelyi-edzo-miskolc.hu\/?page_id=91","url":"https:\/\/szemelyi-edzo-miskolc.hu\/?page_id=91","name":"V\u00e9gzetts\u00e9geim - Szem\u00e9lyi edz\u00e9s online","isPartOf":{"@id":"https:\/\/szemelyi-edzo-miskolc.hu\/#website"},"datePublished":"2020-03-22T20:54:10+00:00","dateModified":"2020-03-25T07:16:33+00:00","description":"T\u00f3th Judit szem\u00e9lyi edz\u0151 az al\u00e1bbi v\u00e9gzetts\u00e9gekkel rendelkezik: Magyar Testnevel\u00e9si Egyetem Szakedz\u0151i szak, Ment\u00e1lhigi\u00e9n\u00e9s eg\u00e9szs\u00e9gfejleszt\u0151.","breadcrumb":{"@id":"https:\/\/szemelyi-edzo-miskolc.hu\/?page_id=91#breadcrumb"},"inLanguage":"hu","potentialAction":[{"@type":"ReadAction","target":["https:\/\/szemelyi-edzo-miskolc.hu\/?page_id=91"]}]},{"@type":"BreadcrumbList","@id":"https:\/\/szemelyi-edzo-miskolc.hu\/?page_id=91#breadcrumb","itemListElement":[{"@type":"ListItem","position":1,"name":"Home","item":"https:\/\/szemelyi-edzo-miskolc.hu\/"},{"@type":"ListItem","position":2,"name":"V\u00e9gzetts\u00e9geim"}]},{"@type":"WebSite","@id":"https:\/\/szemelyi-edzo-miskolc.hu\/#website","url":"https:\/\/szemelyi-edzo-miskolc.hu\/","name":"Szem\u00e9lyi edz\u00e9s online","description":"","potentialAction":[{"@type":"SearchAction","target":{"@type":"EntryPoint","urlTemplate":"https:\/\/szemelyi-edzo-miskolc.hu\/?s={search_term_string}"},"query-input":{"@type":"PropertyValueSpecification","valueRequired":true,"valueName":"search_term_string"}}],"inLanguage":"hu"}]}},"_links":{"self":[{"href":"https:\/\/szemelyi-edzo-miskolc.hu\/index.php?rest_route=\/wp\/v2\/pages\/91","targetHints":{"allow":["GET"]}}],"collection":[{"href":"https:\/\/szemelyi-edzo-miskolc.hu\/index.php?rest_route=\/wp\/v2\/pages"}],"about":[{"href":"https:\/\/szemelyi-edzo-miskolc.hu\/index.php?rest_route=\/wp\/v2\/types\/page"}],"author":[{"embeddable":true,"href":"https:\/\/szemelyi-edzo-miskolc.hu\/index.php?rest_route=\/wp\/v2\/users\/2"}],"replies":[{"embeddable":true,"href":"https:\/\/szemelyi-edzo-miskolc.hu\/index.php?rest_route=%2Fwp%2Fv2%2Fcomments&post=91"}],"version-history":[{"count":8,"href":"https:\/\/szemelyi-edzo-miskolc.hu\/index.php?rest_route=\/wp\/v2\/pages\/91\/revisions"}],"predecessor-version":[{"id":354,"href":"https:\/\/szemelyi-edzo-miskolc.hu\/index.php?rest_route=\/wp\/v2\/pages\/91\/revisions\/354"}],"wp:attachment":[{"href":"https:\/\/szemelyi-edzo-miskolc.hu\/index.php?rest_route=%2Fwp%2Fv2%2Fmedia&parent=91"}],"curies":[{"name":"wp","href":"https:\/\/api.w.org\/{rel}","templated":true}]}}