{"id":101,"date":"2020-03-22T20:55:21","date_gmt":"2020-03-22T20:55:21","guid":{"rendered":"https:\/\/szemelyi-edzo-miskolc.hu\/?page_id=101"},"modified":"2020-03-25T07:00:58","modified_gmt":"2020-03-25T07:00:58","slug":"mediamegjelenesek","status":"publish","type":"page","link":"https:\/\/szemelyi-edzo-miskolc.hu\/?page_id=101","title":{"rendered":"M\u00e9diamegjelen\u00e9sek"},"content":{"rendered":"\n[et_pb_section fb_built=&#8221;1&#8243; _builder_version=&#8221;4.4.1&#8243; background_color=&#8221;rgba(0,0,0,0)&#8221;][et_pb_row _builder_version=&#8221;4.4.1&#8243;][et_pb_column type=&#8221;4_4&#8243; _builder_version=&#8221;4.4.1&#8243;][et_pb_text _builder_version=&#8221;4.4.1&#8243;]<h2>M\u00e9diamegjelen\u00e9sek<\/h2>\n<h2><\/h2>[\/et_pb_text][\/et_pb_column][\/et_pb_row][et_pb_row _builder_version=&#8221;4.4.1&#8243;][et_pb_column type=&#8221;4_4&#8243; _builder_version=&#8221;4.4.1&#8243;][et_pb_testimonial portrait_url=&#8221;https:\/\/szemelyi-edzo-miskolc.hu\/wp-content\/uploads\/2020\/03\/s2.png&#8221; quote_icon_color=&#8221;rgba(0,0,0,0)&#8221; quote_icon_background_color=&#8221;rgba(0,0,0,0)&#8221; portrait_width=&#8221;150px&#8221; _builder_version=&#8221;4.4.1&#8243; background_color=&#8221;rgba(0,0,0,0)&#8221; border_radii_portrait=&#8221;on|0px|0px|0px|0px&#8221;]<p id=\"article-title_h1\"><strong>Fogadalom helyett kitart\u00e1s<\/strong><\/p>\n<p><a href=\"https:\/\/boon.hu\/eletstilus\/helyi-eletstilus\/fogadalom-helyett-kitartas-4040295\/\" target=\"_blank\" rel=\"noopener noreferrer\">https:\/\/boon.hu\/eletstilus\/helyi-eletstilus\/fogadalom-helyett-kitartas-4040295\/<\/a><\/p>[\/et_pb_testimonial][et_pb_testimonial portrait_url=&#8221;https:\/\/szemelyi-edzo-miskolc.hu\/wp-content\/uploads\/2020\/03\/s1.png&#8221; quote_icon_color=&#8221;rgba(0,0,0,0)&#8221; quote_icon_background_color=&#8221;rgba(0,0,0,0)&#8221; portrait_width=&#8221;150px&#8221; _builder_version=&#8221;4.4.1&#8243; background_color=&#8221;rgba(0,0,0,0)&#8221; border_radii_portrait=&#8221;on|0px|0px|0px|0px&#8221;]<p><strong>Piros, z\u00f6ld \u00e9s s\u00e1rga \u00e9tkek<\/strong><\/p>\n<p><a href=\"https:\/\/boon.hu\/kozelet\/helyi-kozelet\/piros-zold-es-sarga-etkek-4113213\/\" target=\"_blank\" rel=\"noopener noreferrer\">https:\/\/boon.hu\/kozelet\/helyi-kozelet\/piros-zold-es-sarga-etkek-4113213\/<\/a><\/p>[\/et_pb_testimonial][et_pb_testimonial portrait_url=&#8221;https:\/\/szemelyi-edzo-miskolc.hu\/wp-content\/uploads\/2020\/03\/s3.png&#8221; quote_icon_color=&#8221;rgba(0,0,0,0)&#8221; quote_icon_background_color=&#8221;rgba(0,0,0,0)&#8221; portrait_width=&#8221;150px&#8221; _builder_version=&#8221;4.4.1&#8243; background_color=&#8221;rgba(0,0,0,0)&#8221; border_radii_portrait=&#8221;on|0px|0px|0px|0px&#8221;]<p id=\"article-title_h1\"><strong>Egy\u00fctt alkothatnak egy eg\u00e9szs\u00e9ges eg\u00e9szet Miskolcon<\/strong><\/p>\n<a href=\"https:\/\/boon.hu\/helyi-kozelet\/egyutt-alkothatnak-egy-egeszseges-egeszet-miskolcon-2247109\/\" target=\"_blank\" rel=\"noopener noreferrer\">https:\/\/boon.hu\/helyi-kozelet\/egyutt-alkothatnak-egy-egeszseges-egeszet-miskolcon-2247109\/<\/a>[\/et_pb_testimonial][et_pb_testimonial portrait_url=&#8221;https:\/\/szemelyi-edzo-miskolc.hu\/wp-content\/uploads\/2020\/03\/s5.png&#8221; quote_icon_color=&#8221;rgba(0,0,0,0)&#8221; quote_icon_background_color=&#8221;rgba(0,0,0,0)&#8221; portrait_width=&#8221;150px&#8221; _builder_version=&#8221;4.4.1&#8243; background_color=&#8221;rgba(0,0,0,0)&#8221; border_radii_portrait=&#8221;on|0px|0px|0px|0px&#8221;]<p id=\"article-title_h1\"><strong>A Mozg\u00e1s Sok \u00d6r\u00f6met Ad\n<\/strong><\/p>\n<a href=\"https:\/\/www.eszak.hu\/fokuszban\/2019\/01\/31\/a-mozgas-sok-oromet-ad\/\" target=\"_blank\" rel=\"noopener noreferrer\">https:\/\/www.eszak.hu\/fokuszban\/2019\/01\/31\/a-mozgas-sok-oromet-ad\/<\/a>[\/et_pb_testimonial][et_pb_testimonial portrait_url=&#8221;https:\/\/szemelyi-edzo-miskolc.hu\/wp-content\/uploads\/2020\/03\/s6.png&#8221; quote_icon_color=&#8221;rgba(0,0,0,0)&#8221; quote_icon_background_color=&#8221;rgba(0,0,0,0)&#8221; portrait_width=&#8221;150px&#8221; _builder_version=&#8221;4.4.1&#8243; background_color=&#8221;rgba(0,0,0,0)&#8221; border_radii_portrait=&#8221;on|0px|0px|0px|0px&#8221;]<p id=\"article-title_h1\"><strong>N\u00e9pkerti k\u00f6r\u00f6k a n\u00e9pkerti k\u00f6r\u00e9rt\n<\/strong><\/p>\n<a href=\"https:\/\/boon.hu\/kozelet\/helyi-kozelet\/nepkerti-korok-a-nepkerti-korert-3639587\/\" target=\"_blank\" rel=\"noopener noreferrer\">https:\/\/boon.hu\/kozelet\/helyi-kozelet\/nepkerti-korok-a-nepkerti-korert-3639587\/<\/a>[\/et_pb_testimonial][et_pb_testimonial portrait_url=&#8221;https:\/\/szemelyi-edzo-miskolc.hu\/wp-content\/uploads\/2020\/03\/s7.png&#8221; quote_icon_color=&#8221;rgba(0,0,0,0)&#8221; quote_icon_background_color=&#8221;rgba(0,0,0,0)&#8221; portrait_width=&#8221;150px&#8221; _builder_version=&#8221;4.4.1&#8243; background_color=&#8221;rgba(0,0,0,0)&#8221; border_radii_portrait=&#8221;on|0px|0px|0px|0px&#8221;]<p id=\"article-title_h1\"><strong>Fuss a N\u00e9pkert\u00e9rt szombaton!\n\n<\/strong><\/p>\n<a href=\"https:\/\/boon.hu\/kozelet\/helyi-kozelet\/fuss-a-nepkertert-szombaton-3632462\/\" target=\"_blank\" rel=\"noopener noreferrer\">https:\/\/boon.hu\/kozelet\/helyi-kozelet\/fuss-a-nepkertert-szombaton-3632462\/<\/a>[\/et_pb_testimonial][et_pb_testimonial portrait_url=&#8221;https:\/\/szemelyi-edzo-miskolc.hu\/wp-content\/uploads\/2020\/03\/s4.png&#8221; quote_icon_color=&#8221;rgba(0,0,0,0)&#8221; quote_icon_background_color=&#8221;rgba(0,0,0,0)&#8221; portrait_width=&#8221;150px&#8221; _builder_version=&#8221;4.4.1&#8243; background_color=&#8221;rgba(0,0,0,0)&#8221; border_radii_portrait=&#8221;on|0px|0px|0px|0px&#8221;]<p id=\"article-title_h1\"><strong>\u201eEgy n\u0151 \u00e9let\u00e9ben a gyerek a legfontosabb\u201d<\/strong><\/p>\n<a href=\"https:\/\/boon.hu\/helyi-kozelet\/%e2%80%9eegy-no-eleteben-a-gyerek-a-legfontosabb%e2%80%9d-2735593\/\" target=\"_blank\" rel=\"noopener noreferrer\">https:\/\/boon.hu\/helyi-kozelet\/%e2%80%9eegy-no-eleteben-a-gyerek-a-legfontosabb%e2%80%9d-2735593\/<\/a>[\/et_pb_testimonial][et_pb_testimonial portrait_url=&#8221;https:\/\/szemelyi-edzo-miskolc.hu\/wp-content\/uploads\/2020\/03\/s8.png&#8221; quote_icon_color=&#8221;rgba(0,0,0,0)&#8221; quote_icon_background_color=&#8221;rgba(0,0,0,0)&#8221; portrait_width=&#8221;150px&#8221; _builder_version=&#8221;4.4.1&#8243; background_color=&#8221;rgba(0,0,0,0)&#8221; border_radii_portrait=&#8221;on|0px|0px|0px|0px&#8221;]<p id=\"article-title_h1\"><strong>Vend\u00e9gkomment\u00e1r: Sportoljunk k\u00e1nikul\u00e1ban is!<\/strong><\/p>\n&nbsp;\n\n<a href=\"https:\/\/boon.hu\/helyi-kozelet\/vendegkommentar-sportoljunk-kanikulaban-is-3150064\/\" target=\"_blank\" rel=\"noopener noreferrer\">https:\/\/boon.hu\/helyi-kozelet\/vendegkommentar-sportoljunk-kanikulaban-is-3150064\/<\/a>[\/et_pb_testimonial][\/et_pb_column][\/et_pb_row][\/et_pb_section]\n","protected":false},"excerpt":{"rendered":"<p>M\u00e9diamegjelen\u00e9sek Fogadalom helyett kitart\u00e1s https:\/\/boon.hu\/eletstilus\/helyi-eletstilus\/fogadalom-helyett-kitartas-4040295\/Piros, z\u00f6ld \u00e9s s\u00e1rga \u00e9tkek https:\/\/boon.hu\/kozelet\/helyi-kozelet\/piros-zold-es-sarga-etkek-4113213\/Egy\u00fctt alkothatnak egy eg\u00e9szs\u00e9ges eg\u00e9szet Miskolcon https:\/\/boon.hu\/helyi-kozelet\/egyutt-alkothatnak-egy-egeszseges-egeszet-miskolcon-2247109\/A Mozg\u00e1s Sok \u00d6r\u00f6met Ad https:\/\/www.eszak.hu\/fokuszban\/2019\/01\/31\/a-mozgas-sok-oromet-ad\/N\u00e9pkerti k\u00f6r\u00f6k a n\u00e9pkerti k\u00f6r\u00e9rt https:\/\/boon.hu\/kozelet\/helyi-kozelet\/nepkerti-korok-a-nepkerti-korert-3639587\/Fuss a N\u00e9pkert\u00e9rt szombaton! https:\/\/boon.hu\/kozelet\/helyi-kozelet\/fuss-a-nepkertert-szombaton-3632462\/\u201eEgy n\u0151 \u00e9let\u00e9ben a gyerek a legfontosabb\u201d https:\/\/boon.hu\/helyi-kozelet\/%e2%80%9eegy-no-eleteben-a-gyerek-a-legfontosabb%e2%80%9d-2735593\/Vend\u00e9gkomment\u00e1r: Sportoljunk k\u00e1nikul\u00e1ban is! &nbsp; https:\/\/boon.hu\/helyi-kozelet\/vendegkommentar-sportoljunk-kanikulaban-is-3150064\/<\/p>\n","protected":false},"author":2,"featured_media":0,"parent":0,"menu_order":0,"comment_status":"closed","ping_status":"closed","template":"","meta":{"_et_pb_use_builder":"on","_et_pb_old_content":"","_et_gb_content_width":"","footnotes":""},"class_list":["post-101","page","type-page","status-publish","hentry"],"yoast_head":"<!-- This site is optimized with the Yoast SEO plugin v25.2 - https:\/\/yoast.com\/wordpress\/plugins\/seo\/ -->\n<title>M\u00e9diamegjelen\u00e9sek - Szem\u00e9lyi edz\u00e9s online<\/title>\n<meta name=\"description\" content=\"T\u00f3th Judit \u00e9s a Totalfitt m\u00e9diamegjelen\u00e9sei az \u00c9szak-Magyarorsz\u00e1g napilapban \u00e9s a Borsod Online h\u00edrport\u00e1lon az ut\u00f3bbi id\u0151ben.\" \/>\n<meta name=\"robots\" content=\"index, follow, max-snippet:-1, max-image-preview:large, max-video-preview:-1\" \/>\n<link rel=\"canonical\" href=\"https:\/\/szemelyi-edzo-miskolc.hu\/?page_id=101\" \/>\n<meta property=\"og:locale\" content=\"hu_HU\" \/>\n<meta property=\"og:type\" content=\"article\" \/>\n<meta property=\"og:title\" content=\"M\u00e9diamegjelen\u00e9sek - Szem\u00e9lyi edz\u00e9s online\" \/>\n<meta property=\"og:description\" content=\"T\u00f3th Judit \u00e9s a Totalfitt m\u00e9diamegjelen\u00e9sei az \u00c9szak-Magyarorsz\u00e1g napilapban \u00e9s a Borsod Online h\u00edrport\u00e1lon az ut\u00f3bbi id\u0151ben.\" \/>\n<meta property=\"og:url\" content=\"https:\/\/szemelyi-edzo-miskolc.hu\/?page_id=101\" \/>\n<meta property=\"og:site_name\" content=\"Szem\u00e9lyi edz\u00e9s online\" \/>\n<meta property=\"article:modified_time\" content=\"2020-03-25T07:00:58+00:00\" \/>\n<meta property=\"og:image\" content=\"https:\/\/szemelyi-edzo-miskolc.hu\/wp-content\/uploads\/2020\/03\/DSC01568-scaled.jpg\" \/>\n\t<meta property=\"og:image:width\" content=\"2560\" \/>\n\t<meta property=\"og:image:height\" content=\"1117\" \/>\n\t<meta property=\"og:image:type\" content=\"image\/jpeg\" \/>\n<meta name=\"twitter:card\" content=\"summary_large_image\" \/>\n<meta name=\"twitter:label1\" content=\"Becs\u00fclt olvas\u00e1si id\u0151\" \/>\n\t<meta name=\"twitter:data1\" content=\"2 perc\" \/>\n<script type=\"application\/ld+json\" class=\"yoast-schema-graph\">{\"@context\":\"https:\/\/schema.org\",\"@graph\":[{\"@type\":\"WebPage\",\"@id\":\"https:\/\/szemelyi-edzo-miskolc.hu\/?page_id=101\",\"url\":\"https:\/\/szemelyi-edzo-miskolc.hu\/?page_id=101\",\"name\":\"M\u00e9diamegjelen\u00e9sek - Szem\u00e9lyi edz\u00e9s online\",\"isPartOf\":{\"@id\":\"https:\/\/szemelyi-edzo-miskolc.hu\/#website\"},\"datePublished\":\"2020-03-22T20:55:21+00:00\",\"dateModified\":\"2020-03-25T07:00:58+00:00\",\"description\":\"T\u00f3th Judit \u00e9s a Totalfitt m\u00e9diamegjelen\u00e9sei az \u00c9szak-Magyarorsz\u00e1g napilapban \u00e9s a Borsod Online h\u00edrport\u00e1lon az ut\u00f3bbi id\u0151ben.\",\"breadcrumb\":{\"@id\":\"https:\/\/szemelyi-edzo-miskolc.hu\/?page_id=101#breadcrumb\"},\"inLanguage\":\"hu\",\"potentialAction\":[{\"@type\":\"ReadAction\",\"target\":[\"https:\/\/szemelyi-edzo-miskolc.hu\/?page_id=101\"]}]},{\"@type\":\"BreadcrumbList\",\"@id\":\"https:\/\/szemelyi-edzo-miskolc.hu\/?page_id=101#breadcrumb\",\"itemListElement\":[{\"@type\":\"ListItem\",\"position\":1,\"name\":\"Home\",\"item\":\"https:\/\/szemelyi-edzo-miskolc.hu\/\"},{\"@type\":\"ListItem\",\"position\":2,\"name\":\"M\u00e9diamegjelen\u00e9sek\"}]},{\"@type\":\"WebSite\",\"@id\":\"https:\/\/szemelyi-edzo-miskolc.hu\/#website\",\"url\":\"https:\/\/szemelyi-edzo-miskolc.hu\/\",\"name\":\"Szem\u00e9lyi edz\u00e9s online\",\"description\":\"\",\"potentialAction\":[{\"@type\":\"SearchAction\",\"target\":{\"@type\":\"EntryPoint\",\"urlTemplate\":\"https:\/\/szemelyi-edzo-miskolc.hu\/?s={search_term_string}\"},\"query-input\":{\"@type\":\"PropertyValueSpecification\",\"valueRequired\":true,\"valueName\":\"search_term_string\"}}],\"inLanguage\":\"hu\"}]}<\/script>\n<!-- \/ Yoast SEO plugin. -->","yoast_head_json":{"title":"M\u00e9diamegjelen\u00e9sek - Szem\u00e9lyi edz\u00e9s online","description":"T\u00f3th Judit \u00e9s a Totalfitt m\u00e9diamegjelen\u00e9sei az \u00c9szak-Magyarorsz\u00e1g napilapban \u00e9s a Borsod Online h\u00edrport\u00e1lon az ut\u00f3bbi id\u0151ben.","robots":{"index":"index","follow":"follow","max-snippet":"max-snippet:-1","max-image-preview":"max-image-preview:large","max-video-preview":"max-video-preview:-1"},"canonical":"https:\/\/szemelyi-edzo-miskolc.hu\/?page_id=101","og_locale":"hu_HU","og_type":"article","og_title":"M\u00e9diamegjelen\u00e9sek - Szem\u00e9lyi edz\u00e9s online","og_description":"T\u00f3th Judit \u00e9s a Totalfitt m\u00e9diamegjelen\u00e9sei az \u00c9szak-Magyarorsz\u00e1g napilapban \u00e9s a Borsod Online h\u00edrport\u00e1lon az ut\u00f3bbi id\u0151ben.","og_url":"https:\/\/szemelyi-edzo-miskolc.hu\/?page_id=101","og_site_name":"Szem\u00e9lyi edz\u00e9s online","article_modified_time":"2020-03-25T07:00:58+00:00","og_image":[{"width":2560,"height":1117,"url":"https:\/\/szemelyi-edzo-miskolc.hu\/wp-content\/uploads\/2020\/03\/DSC01568-scaled.jpg","type":"image\/jpeg"}],"twitter_card":"summary_large_image","twitter_misc":{"Becs\u00fclt olvas\u00e1si id\u0151":"2 perc"},"schema":{"@context":"https:\/\/schema.org","@graph":[{"@type":"WebPage","@id":"https:\/\/szemelyi-edzo-miskolc.hu\/?page_id=101","url":"https:\/\/szemelyi-edzo-miskolc.hu\/?page_id=101","name":"M\u00e9diamegjelen\u00e9sek - Szem\u00e9lyi edz\u00e9s online","isPartOf":{"@id":"https:\/\/szemelyi-edzo-miskolc.hu\/#website"},"datePublished":"2020-03-22T20:55:21+00:00","dateModified":"2020-03-25T07:00:58+00:00","description":"T\u00f3th Judit \u00e9s a Totalfitt m\u00e9diamegjelen\u00e9sei az \u00c9szak-Magyarorsz\u00e1g napilapban \u00e9s a Borsod Online h\u00edrport\u00e1lon az ut\u00f3bbi id\u0151ben.","breadcrumb":{"@id":"https:\/\/szemelyi-edzo-miskolc.hu\/?page_id=101#breadcrumb"},"inLanguage":"hu","potentialAction":[{"@type":"ReadAction","target":["https:\/\/szemelyi-edzo-miskolc.hu\/?page_id=101"]}]},{"@type":"BreadcrumbList","@id":"https:\/\/szemelyi-edzo-miskolc.hu\/?page_id=101#breadcrumb","itemListElement":[{"@type":"ListItem","position":1,"name":"Home","item":"https:\/\/szemelyi-edzo-miskolc.hu\/"},{"@type":"ListItem","position":2,"name":"M\u00e9diamegjelen\u00e9sek"}]},{"@type":"WebSite","@id":"https:\/\/szemelyi-edzo-miskolc.hu\/#website","url":"https:\/\/szemelyi-edzo-miskolc.hu\/","name":"Szem\u00e9lyi edz\u00e9s online","description":"","potentialAction":[{"@type":"SearchAction","target":{"@type":"EntryPoint","urlTemplate":"https:\/\/szemelyi-edzo-miskolc.hu\/?s={search_term_string}"},"query-input":{"@type":"PropertyValueSpecification","valueRequired":true,"valueName":"search_term_string"}}],"inLanguage":"hu"}]}},"_links":{"self":[{"href":"https:\/\/szemelyi-edzo-miskolc.hu\/index.php?rest_route=\/wp\/v2\/pages\/101","targetHints":{"allow":["GET"]}}],"collection":[{"href":"https:\/\/szemelyi-edzo-miskolc.hu\/index.php?rest_route=\/wp\/v2\/pages"}],"about":[{"href":"https:\/\/szemelyi-edzo-miskolc.hu\/index.php?rest_route=\/wp\/v2\/types\/page"}],"author":[{"embeddable":true,"href":"https:\/\/szemelyi-edzo-miskolc.hu\/index.php?rest_route=\/wp\/v2\/users\/2"}],"replies":[{"embeddable":true,"href":"https:\/\/szemelyi-edzo-miskolc.hu\/index.php?rest_route=%2Fwp%2Fv2%2Fcomments&post=101"}],"version-history":[{"count":11,"href":"https:\/\/szemelyi-edzo-miskolc.hu\/index.php?rest_route=\/wp\/v2\/pages\/101\/revisions"}],"predecessor-version":[{"id":350,"href":"https:\/\/szemelyi-edzo-miskolc.hu\/index.php?rest_route=\/wp\/v2\/pages\/101\/revisions\/350"}],"wp:attachment":[{"href":"https:\/\/szemelyi-edzo-miskolc.hu\/index.php?rest_route=%2Fwp%2Fv2%2Fmedia&parent=101"}],"curies":[{"name":"wp","href":"https:\/\/api.w.org\/{rel}","templated":true}]}}